{"id":497,"date":"2021-04-28T11:05:52","date_gmt":"2021-04-28T11:05:52","guid":{"rendered":"https:\/\/dramarciaumbelino.sysweb.digital\/index.php\/home\/"},"modified":"2024-06-13T00:37:38","modified_gmt":"2024-06-13T00:37:38","slug":"inicio","status":"publish","type":"page","link":"https:\/\/dramarciaumbelino.com.br\/","title":{"rendered":"In\u00edcio"},"content":{"rendered":"\t\t<div data-elementor-type=\"wp-page\" data-elementor-id=\"497\" class=\"elementor elementor-497\">\n\t\t\t\t\t\t<section class=\"elementor-section elementor-top-section elementor-element elementor-element-8ce6720 elementor-section-boxed elementor-section-height-default elementor-section-height-default\" data-id=\"8ce6720\" data-element_type=\"section\" data-settings=\"{&quot;background_background&quot;:&quot;classic&quot;}\">\n\t\t\t\t\t\t\t<div class=\"elementor-background-overlay\"><\/div>\n\t\t\t\t\t\t\t<div class=\"elementor-container elementor-column-gap-no\">\n\t\t\t\t\t<div class=\"elementor-column elementor-col-50 elementor-top-column elementor-element elementor-element-354ca86\" data-id=\"354ca86\" data-element_type=\"column\">\n\t\t\t<div class=\"elementor-widget-wrap elementor-element-populated\">\n\t\t\t\t\t\t<div class=\"elementor-element elementor-element-840603c elementor-widget elementor-widget-image\" data-id=\"840603c\" data-element_type=\"widget\" data-widget_type=\"image.default\">\n\t\t\t\t<div class=\"elementor-widget-container\">\n\t\t\t<style>\/*! elementor - v3.21.0 - 26-05-2024 *\/\n.elementor-widget-image{text-align:center}.elementor-widget-image a{display:inline-block}.elementor-widget-image a img[src$=\".svg\"]{width:48px}.elementor-widget-image img{vertical-align:middle;display:inline-block}<\/style>\t\t\t\t\t\t\t\t\t\t<img fetchpriority=\"high\" decoding=\"async\" width=\"768\" height=\"795\" src=\"https:\/\/dramarciaumbelino.com.br\/wp-content\/uploads\/2024\/06\/WhatsApp-Image-2021-06-22-at-17.20.32-e1624395427397-768x795.jpeg\" class=\"attachment-medium_large size-medium_large wp-image-1076\" alt=\"\" srcset=\"https:\/\/dramarciaumbelino.com.br\/wp-content\/uploads\/2024\/06\/WhatsApp-Image-2021-06-22-at-17.20.32-e1624395427397-768x795.jpeg 768w, https:\/\/dramarciaumbelino.com.br\/wp-content\/uploads\/2024\/06\/WhatsApp-Image-2021-06-22-at-17.20.32-e1624395427397-290x300.jpeg 290w, https:\/\/dramarciaumbelino.com.br\/wp-content\/uploads\/2024\/06\/WhatsApp-Image-2021-06-22-at-17.20.32-e1624395427397.jpeg 853w\" sizes=\"(max-width: 768px) 100vw, 768px\" \/>\t\t\t\t\t\t\t\t\t\t\t\t\t<\/div>\n\t\t\t\t<\/div>\n\t\t\t\t\t<\/div>\n\t\t<\/div>\n\t\t\t\t<div class=\"elementor-column elementor-col-50 elementor-top-column elementor-element elementor-element-b341cfa\" data-id=\"b341cfa\" data-element_type=\"column\">\n\t\t\t<div class=\"elementor-widget-wrap elementor-element-populated\">\n\t\t\t\t\t\t<div class=\"elementor-element elementor-element-6056509 elementor-vertical-align-top elementor-widget elementor-widget-image-box\" data-id=\"6056509\" data-element_type=\"widget\" data-widget_type=\"image-box.default\">\n\t\t\t\t<div class=\"elementor-widget-container\">\n\t\t\t<style>\/*! elementor - v3.21.0 - 26-05-2024 *\/\n.elementor-widget-image-box .elementor-image-box-content{width:100%}@media (min-width:768px){.elementor-widget-image-box.elementor-position-left .elementor-image-box-wrapper,.elementor-widget-image-box.elementor-position-right .elementor-image-box-wrapper{display:flex}.elementor-widget-image-box.elementor-position-right .elementor-image-box-wrapper{text-align:end;flex-direction:row-reverse}.elementor-widget-image-box.elementor-position-left .elementor-image-box-wrapper{text-align:start;flex-direction:row}.elementor-widget-image-box.elementor-position-top .elementor-image-box-img{margin:auto}.elementor-widget-image-box.elementor-vertical-align-top .elementor-image-box-wrapper{align-items:flex-start}.elementor-widget-image-box.elementor-vertical-align-middle .elementor-image-box-wrapper{align-items:center}.elementor-widget-image-box.elementor-vertical-align-bottom .elementor-image-box-wrapper{align-items:flex-end}}@media (max-width:767px){.elementor-widget-image-box .elementor-image-box-img{margin-left:auto!important;margin-right:auto!important;margin-bottom:15px}}.elementor-widget-image-box .elementor-image-box-img{display:inline-block}.elementor-widget-image-box .elementor-image-box-title a{color:inherit}.elementor-widget-image-box .elementor-image-box-wrapper{text-align:center}.elementor-widget-image-box .elementor-image-box-description{margin:0}<\/style><div class=\"elementor-image-box-wrapper\"><div class=\"elementor-image-box-content\"><h1 class=\"elementor-image-box-title\">Dra. M\u00e1rcia Umbelino<\/h1><p class=\"elementor-image-box-description\">Cl\u00ednica M\u00e9dica, Mestre em Aur\u00edculoterapia e p\u00f3s-graduada em Geriatria, Medicina Tradicional Chinesa, Ortomolecular e Tratamento da dor.<\/p><\/div><\/div>\t\t<\/div>\n\t\t\t\t<\/div>\n\t\t\t\t\t<\/div>\n\t\t<\/div>\n\t\t\t\t\t<\/div>\n\t\t<\/section>\n\t\t\t\t<section class=\"elementor-section elementor-top-section elementor-element elementor-element-29d144d elementor-section-boxed elementor-section-height-default elementor-section-height-default\" data-id=\"29d144d\" data-element_type=\"section\">\n\t\t\t\t\t\t<div class=\"elementor-container elementor-column-gap-no\">\n\t\t\t\t\t<div class=\"elementor-column elementor-col-100 elementor-top-column elementor-element elementor-element-380ad15\" data-id=\"380ad15\" data-element_type=\"column\" data-settings=\"{&quot;background_background&quot;:&quot;classic&quot;}\">\n\t\t\t<div class=\"elementor-widget-wrap elementor-element-populated\">\n\t\t\t\t\t\t<div class=\"elementor-element elementor-element-f5c2fcf elementor-widget elementor-widget-heading\" data-id=\"f5c2fcf\" data-element_type=\"widget\" data-widget_type=\"heading.default\">\n\t\t\t\t<div class=\"elementor-widget-container\">\n\t\t\t<style>\/*! elementor - v3.21.0 - 26-05-2024 *\/\n.elementor-heading-title{padding:0;margin:0;line-height:1}.elementor-widget-heading .elementor-heading-title[class*=elementor-size-]>a{color:inherit;font-size:inherit;line-height:inherit}.elementor-widget-heading .elementor-heading-title.elementor-size-small{font-size:15px}.elementor-widget-heading .elementor-heading-title.elementor-size-medium{font-size:19px}.elementor-widget-heading .elementor-heading-title.elementor-size-large{font-size:29px}.elementor-widget-heading .elementor-heading-title.elementor-size-xl{font-size:39px}.elementor-widget-heading .elementor-heading-title.elementor-size-xxl{font-size:59px}<\/style><h2 class=\"elementor-heading-title elementor-size-default\">Especialidades<\/h2>\t\t<\/div>\n\t\t\t\t<\/div>\n\t\t\t\t<div class=\"elementor-element elementor-element-b0115b6 elementor-grid-eael-col-4 elementor-grid-tablet-eael-col-2 elementor-grid-mobile-eael-col-1 elementor-widget elementor-widget-eael-post-grid\" data-id=\"b0115b6\" data-element_type=\"widget\" data-settings=\"{&quot;eael_post_grid_columns&quot;:&quot;eael-col-4&quot;,&quot;eael_post_grid_columns_tablet&quot;:&quot;eael-col-2&quot;,&quot;eael_post_grid_columns_mobile&quot;:&quot;eael-col-1&quot;}\" data-widget_type=\"eael-post-grid.default\">\n\t\t\t\t<div class=\"elementor-widget-container\">\n\t\t\t<div id=\"eael-post-grid-b0115b6\" class=\"eael-post-grid-container\">\n            <div class=\"eael-post-grid eael-post-appender eael-post-appender-b0115b6 eael-post-grid-style-two\" data-layout-mode=\"grid\"><article class=\"eael-grid-post eael-post-grid-column\" data-id=\"1067\">\n        <div class=\"eael-grid-post-holder\">\n            <div class=\"eael-grid-post-holder-inner\"><div class=\"eael-entry-media\"><div class=\"eael-entry-overlay fade-in\"><i class=\"fas fa-long-arrow-alt-right\" aria-hidden=\"true\"><\/i><a href=\"https:\/\/dramarciaumbelino.com.br\/index.php\/medicina-tradicional-e-chinesa\/\"><\/a><\/div><div class=\"eael-entry-thumbnail eael-image-ratio\">\n                                <img width=\"300\" height=\"126\" src=\"https:\/\/dramarciaumbelino.com.br\/wp-content\/uploads\/2024\/06\/medicina-chinesa-7-300x126.jpg\" class=\"attachment-medium size-medium wp-image-1103\" alt=\"\" decoding=\"async\" srcset=\"https:\/\/dramarciaumbelino.com.br\/wp-content\/uploads\/2024\/06\/medicina-chinesa-7-300x126.jpg 300w, https:\/\/dramarciaumbelino.com.br\/wp-content\/uploads\/2024\/06\/medicina-chinesa-7-1024x430.jpg 1024w, https:\/\/dramarciaumbelino.com.br\/wp-content\/uploads\/2024\/06\/medicina-chinesa-7-768x322.jpg 768w, https:\/\/dramarciaumbelino.com.br\/wp-content\/uploads\/2024\/06\/medicina-chinesa-7.jpg 1430w\" sizes=\"(max-width: 300px) 100vw, 300px\" \/>\n                              <\/div>\n                      <\/div><div class=\"eael-entry-wrapper\"><header class=\"eael-entry-header\"><h2 class=\"eael-entry-title\"><a\n                                    class=\"eael-grid-post-link\"\n                                    href=\"https:\/\/dramarciaumbelino.com.br\/index.php\/medicina-tradicional-e-chinesa\/\"\n                                    title=\"Medicina Tradicional e Chinesa\">Medicina Tradicional e Chinesa<\/a><\/h2><\/header><div class=\"eael-entry-content\">\n                                    <div class=\"eael-grid-post-excerpt\"><p>Medicina Tradicional e Chinesa A Medicina Tradicional Chinesa (MTC) \u00e9...<\/p><\/div>\n                                <\/div><div class=\"eael-entry-header-after style-two\"><div class=\"eael-entry-meta\"><\/div><\/div><\/div><\/div>\n        <\/div>\n    <\/article><article class=\"eael-grid-post eael-post-grid-column\" data-id=\"1062\">\n        <div class=\"eael-grid-post-holder\">\n            <div class=\"eael-grid-post-holder-inner\"><div class=\"eael-entry-media\"><div class=\"eael-entry-overlay fade-in\"><i class=\"fas fa-long-arrow-alt-right\" aria-hidden=\"true\"><\/i><a href=\"https:\/\/dramarciaumbelino.com.br\/index.php\/medicina-ortomolecular\/\"><\/a><\/div><div class=\"eael-entry-thumbnail eael-image-ratio\">\n                                <img width=\"300\" height=\"169\" src=\"https:\/\/dramarciaumbelino.com.br\/wp-content\/uploads\/2024\/06\/dr.consulta-medicina-ortomolecular-300x169.jpg\" class=\"attachment-medium size-medium wp-image-1102\" alt=\"\" decoding=\"async\" srcset=\"https:\/\/dramarciaumbelino.com.br\/wp-content\/uploads\/2024\/06\/dr.consulta-medicina-ortomolecular-300x169.jpg 300w, https:\/\/dramarciaumbelino.com.br\/wp-content\/uploads\/2024\/06\/dr.consulta-medicina-ortomolecular-1024x576.jpg 1024w, https:\/\/dramarciaumbelino.com.br\/wp-content\/uploads\/2024\/06\/dr.consulta-medicina-ortomolecular-768x432.jpg 768w, https:\/\/dramarciaumbelino.com.br\/wp-content\/uploads\/2024\/06\/dr.consulta-medicina-ortomolecular.jpg 1200w\" sizes=\"(max-width: 300px) 100vw, 300px\" \/>\n                              <\/div>\n                      <\/div><div class=\"eael-entry-wrapper\"><header class=\"eael-entry-header\"><h2 class=\"eael-entry-title\"><a\n                                    class=\"eael-grid-post-link\"\n                                    href=\"https:\/\/dramarciaumbelino.com.br\/index.php\/medicina-ortomolecular\/\"\n                                    title=\"Medicina Ortomolecular\">Medicina Ortomolecular<\/a><\/h2><\/header><div class=\"eael-entry-content\">\n                                    <div class=\"eael-grid-post-excerpt\"><p>Medicina Ortomolecular A Medicina Ortomolecular \u00e9 uma abordagem m\u00e9dica focada...<\/p><\/div>\n                                <\/div><div class=\"eael-entry-header-after style-two\"><div class=\"eael-entry-meta\"><\/div><\/div><\/div><\/div>\n        <\/div>\n    <\/article><article class=\"eael-grid-post eael-post-grid-column\" data-id=\"1054\">\n        <div class=\"eael-grid-post-holder\">\n            <div class=\"eael-grid-post-holder-inner\"><div class=\"eael-entry-media\"><div class=\"eael-entry-overlay fade-in\"><i class=\"fas fa-long-arrow-alt-right\" aria-hidden=\"true\"><\/i><a href=\"https:\/\/dramarciaumbelino.com.br\/index.php\/geriatria\/\"><\/a><\/div><div class=\"eael-entry-thumbnail eael-image-ratio\">\n                                <img loading=\"lazy\" width=\"300\" height=\"200\" src=\"https:\/\/dramarciaumbelino.com.br\/wp-content\/uploads\/2024\/06\/o-que-voce-precisa-saber-sobre-a-geriatria-capa-300x200.jpg\" class=\"attachment-medium size-medium wp-image-1101\" alt=\"\" decoding=\"async\" srcset=\"https:\/\/dramarciaumbelino.com.br\/wp-content\/uploads\/2024\/06\/o-que-voce-precisa-saber-sobre-a-geriatria-capa-300x200.jpg 300w, https:\/\/dramarciaumbelino.com.br\/wp-content\/uploads\/2024\/06\/o-que-voce-precisa-saber-sobre-a-geriatria-capa-1024x683.jpg 1024w, https:\/\/dramarciaumbelino.com.br\/wp-content\/uploads\/2024\/06\/o-que-voce-precisa-saber-sobre-a-geriatria-capa-768x512.jpg 768w, https:\/\/dramarciaumbelino.com.br\/wp-content\/uploads\/2024\/06\/o-que-voce-precisa-saber-sobre-a-geriatria-capa-1536x1024.jpg 1536w, https:\/\/dramarciaumbelino.com.br\/wp-content\/uploads\/2024\/06\/o-que-voce-precisa-saber-sobre-a-geriatria-capa.jpg 1800w\" sizes=\"(max-width: 300px) 100vw, 300px\" \/>\n                              <\/div>\n                      <\/div><div class=\"eael-entry-wrapper\"><header class=\"eael-entry-header\"><h2 class=\"eael-entry-title\"><a\n                                    class=\"eael-grid-post-link\"\n                                    href=\"https:\/\/dramarciaumbelino.com.br\/index.php\/geriatria\/\"\n                                    title=\"Geriatria\">Geriatria<\/a><\/h2><\/header><div class=\"eael-entry-content\">\n                                    <div class=\"eael-grid-post-excerpt\"><p>Geriatria A geriatria \u00e9 uma especialidade m\u00e9dica dedicada ao cuidado...<\/p><\/div>\n                                <\/div><div class=\"eael-entry-header-after style-two\"><div class=\"eael-entry-meta\"><\/div><\/div><\/div><\/div>\n        <\/div>\n    <\/article><article class=\"eael-grid-post eael-post-grid-column\" data-id=\"1049\">\n        <div class=\"eael-grid-post-holder\">\n            <div class=\"eael-grid-post-holder-inner\"><div class=\"eael-entry-media\"><div class=\"eael-entry-overlay fade-in\"><i class=\"fas fa-long-arrow-alt-right\" aria-hidden=\"true\"><\/i><a href=\"https:\/\/dramarciaumbelino.com.br\/index.php\/clinica-medica\/\"><\/a><\/div><div class=\"eael-entry-thumbnail eael-image-ratio\">\n                                <img loading=\"lazy\" width=\"300\" height=\"200\" src=\"https:\/\/dramarciaumbelino.com.br\/wp-content\/uploads\/2024\/06\/clinica-medica-300x200.jpg\" class=\"attachment-medium size-medium wp-image-1100\" alt=\"\" decoding=\"async\" srcset=\"https:\/\/dramarciaumbelino.com.br\/wp-content\/uploads\/2024\/06\/clinica-medica-300x200.jpg 300w, https:\/\/dramarciaumbelino.com.br\/wp-content\/uploads\/2024\/06\/clinica-medica-768x512.jpg 768w, https:\/\/dramarciaumbelino.com.br\/wp-content\/uploads\/2024\/06\/clinica-medica.jpg 1024w\" sizes=\"(max-width: 300px) 100vw, 300px\" \/>\n                              <\/div>\n                      <\/div><div class=\"eael-entry-wrapper\"><header class=\"eael-entry-header\"><h2 class=\"eael-entry-title\"><a\n                                    class=\"eael-grid-post-link\"\n                                    href=\"https:\/\/dramarciaumbelino.com.br\/index.php\/clinica-medica\/\"\n                                    title=\"Cl\u00ednica M\u00e9dica\">Cl\u00ednica M\u00e9dica<\/a><\/h2><\/header><div class=\"eael-entry-content\">\n                                    <div class=\"eael-grid-post-excerpt\"><p>Cl\u00ednica M\u00e9dica A Cl\u00ednica M\u00e9dica, como especialidade, \u00e9 uma das...<\/p><\/div>\n                                <\/div><div class=\"eael-entry-header-after style-two\"><div class=\"eael-entry-meta\"><\/div><\/div><\/div><\/div>\n        <\/div>\n    <\/article><\/div>\n            <div class=\"clearfix\"><\/div>\n        <\/div>            <div class=\"eael-load-more-button-wrap eael-force-hide\">\n                <button class=\"eael-load-more-button\" id=\"eael-load-more-btn-b0115b6\" data-widget-id=\"b0115b6\" data-widget=\"b0115b6\" data-page-id=\"497\" data-template=\"{&quot;dir&quot;:&quot;lite&quot;,&quot;file_name&quot;:&quot;default.php&quot;,&quot;name&quot;:&quot;Post-Grid&quot;}\" data-class=\"Essential_Addons_Elementor\\Elements\\Post_Grid\" data-layout=\"grid\" data-page=\"1\" data-args=\"orderby=date&amp;order=desc&amp;ignore_sticky_posts=1&amp;post_status=publish&amp;posts_per_page=4&amp;offset=0&amp;post_type=page\" data-max-page=\"2\">\n                    <span class=\"eael-btn-loader button__loader\"><\/span>\n                    <span class=\"eael_load_more_text\">Load More<\/span>\n                <\/button>\n            <\/div>\n            \t\t<\/div>\n\t\t\t\t<\/div>\n\t\t\t\t\t<\/div>\n\t\t<\/div>\n\t\t\t\t\t<\/div>\n\t\t<\/section>\n\t\t\t\t<\/div>\n\t\t","protected":false},"excerpt":{"rendered":"<p>Dra. M\u00e1rcia Umbelino Cl\u00ednica M\u00e9dica, Mestre em Aur\u00edculoterapia e p\u00f3s-graduada em Geriatria, Medicina Tradicional Chinesa, Ortomolecular e Tratamento da dor. Especialidades Medicina Tradicional e Chinesa Medicina Tradicional e Chinesa A Medicina Tradicional Chinesa (MTC) \u00e9&#8230; Medicina Ortomolecular Medicina Ortomolecular A Medicina Ortomolecular \u00e9 uma abordagem m\u00e9dica focada&#8230; Geriatria Geriatria A geriatria \u00e9 uma especialidade m\u00e9dica &hellip;<\/p>\n<p class=\"read-more\"> <a class=\"\" href=\"https:\/\/dramarciaumbelino.com.br\/index.php\/clinica-medica\/\"> <span class=\"screen-reader-text\">Cl\u00ednica M\u00e9dica<\/span> Read More &raquo;<\/a><\/p>\n","protected":false},"author":1,"featured_media":0,"parent":0,"menu_order":0,"comment_status":"closed","ping_status":"closed","template":"","meta":{"site-sidebar-layout":"no-sidebar","site-content-layout":"page-builder","ast-global-header-display":"","ast-banner-title-visibility":"","ast-main-header-display":"","ast-hfb-above-header-display":"","ast-hfb-below-header-display":"","ast-hfb-mobile-header-display":"","site-post-title":"disabled","ast-breadcrumbs-content":"","ast-featured-img":"disabled","footer-sml-layout":"","theme-transparent-header-meta":"enabled","adv-header-id-meta":"","stick-header-meta":"","header-above-stick-meta":"","header-main-stick-meta":"","header-below-stick-meta":""},"_links":{"self":[{"href":"https:\/\/dramarciaumbelino.com.br\/index.php\/wp-json\/wp\/v2\/pages\/497"}],"collection":[{"href":"https:\/\/dramarciaumbelino.com.br\/index.php\/wp-json\/wp\/v2\/pages"}],"about":[{"href":"https:\/\/dramarciaumbelino.com.br\/index.php\/wp-json\/wp\/v2\/types\/page"}],"author":[{"embeddable":true,"href":"https:\/\/dramarciaumbelino.com.br\/index.php\/wp-json\/wp\/v2\/users\/1"}],"replies":[{"embeddable":true,"href":"https:\/\/dramarciaumbelino.com.br\/index.php\/wp-json\/wp\/v2\/comments?post=497"}],"version-history":[{"count":8,"href":"https:\/\/dramarciaumbelino.com.br\/index.php\/wp-json\/wp\/v2\/pages\/497\/revisions"}],"predecessor-version":[{"id":1110,"href":"https:\/\/dramarciaumbelino.com.br\/index.php\/wp-json\/wp\/v2\/pages\/497\/revisions\/1110"}],"wp:attachment":[{"href":"https:\/\/dramarciaumbelino.com.br\/index.php\/wp-json\/wp\/v2\/media?parent=497"}],"curies":[{"name":"wp","href":"https:\/\/api.w.org\/{rel}","templated":true}]}}